= 9*l - 6*l + 115. What is the remainder when 130 is divided by (1*27)/(l/5 + 8)?
40
Let l = 3190 + -3151. Calculate the remainder when 422 is divided by l.
32
Suppose 0 = 241*k - 85*k - 1396512. Calculate the remainder when k is divided by 11.
9
Suppose -2*o + 61 = 63. What is the remainder when 253 is divided by 45 + o + -5 - -4?
38
Let y(d) = 379*d + 4961. What is the remainder when 0 + ((-2)/(-2) - -218) is divided by y(-13)?
15
Suppose -45*q - 140 + 1715 = 0. Calculate the remainder when 155 is divided by q.
15
Suppose 0 = -3*o + 5*p + 37, -2*o = p + 2*p + 7. Let d = -776 - -789. What is the remainder when d is divided by (14/o)/(1/2)?
6
Let g = -12 - -30. Suppose 0 = 370*j + 4044 - 29944. Calculate the remainder when j is divided by g.
16
Suppose -u - 295 = -0*u + 2*z, 9 = 3*z. Let d = u - -317. What is the remainder when 317 is divided by d?
13
Suppose 26 = 4*a + 2*u, -30 = -3*a - 6*u + u. Suppose 0 = 3*y - a*l - 73 - 476, -3*y = -l - 537. What is the remainder when y is divided by 15?
13
Suppose 987 = 56*w + 35. Calculate the remainder when 19020 is divided by w.
14
Let k(f) = -7*f - 327. Calculate the remainder when 2912/63 - 2/9 is divided by k(-47).
0
Suppose 14*a = -47*a - 106*a + 1093015. What is the remainder when a is divided by 503?
6
Let m(j) = -15*j**2 + 0 + 3*j**3 + 3 - 9 - 2*j**3 + j. Calculate the remainder when (5 + -45)*(-6)/10 is divided by m(15).
6
Let z = -13 + 27. Let q(b) = -1670*b + 1677*b + 24 - 4. What is the remainder when q(3) is divided by z?
13
Let d = 113 + -75. Suppose -i - 32 = -21*w + 18*w, -20 = 5*w + 5*i. Calculate the remainder when d is divided by w.
3
Suppose -q + 5*x = -110, 0*q - 134 = -q - x. What is the remainder when q is divided by (5 - (-75)/6)*8/4?
25
Suppose -11*b - 31 + 109 = -8*b. What is the remainder when 164 is divided by b?
8
Suppose -2*z + 0*z = 4*c - 2, -3*z = -2*c - 3. Let r be z + 1 + 8226/18. Suppose -5*k - 4*k + r = 0. Calculate the remainder when k is divided by 13.
12
Let r = -58 - -62. Suppose -3*c - 433 = -4*d, -5*d + 533 = 3*c - r*c. Suppose 0 = -d*v + 109*v - 162. What is the remainder when v is divided by 19?
16
Suppose f + 2*t - 60 = 0, 5*t - 3*t = -5*f + 260. Calculate the remainder when (855/(-81) - -11)*396 is divided by f.
26
Let i(q) = -2*q**2 - 47*q + 1540. Calculate the remainder when 11589 is divided by i(18).
43
Let x(a) = 12*a**2 + 7*a + 419. What is the remainder when x(9) is divided by 47?
44
Let r(v) = -39*v + 3493. Calculate the remainder when r(55) is divided by 10.
8
Let l = 565 + -273. Calculate the remainder when l is divided by 4/(-18) + 2132/36.
56
Let n(q) = q**3 + 12*q**2 + 18*q + 6. Let w be n(-6). Let o = w + -103. What is the remainder when 75 is divided by o?
9
Let x = 7094 - 7080. What is the remainder when ((-1)/(-2))/(1/416) is divided by x?
12
Let p(b) = b + 1. Let r(k) = 3*k**3 + 69*k**2 + 13*k + 25. Let i(v) = 5*p(v) - r(v). Calculate the remainder when i(-23) is divided by 35.
24
Suppose -1082 = -4*s + 5*z, -2*s - z + 97 = -437. Calculate the remainder when s is divided by 15.
13
Let f be 1*0*(-1)/(-2). Suppose 4*g - 253 = -5*u, -4*g - 3*u - 99 + 358 = f. Let n(y) = 289*y - 1133. What is the remainder when g is divided by n(4)?
21
Suppose 18*h - 10*h = 39*h - 10633. Calculate the remainder when h is divided by 172.
171
Suppose -6*i + 4*i + 46 = 4*w, 2*w + 35 = i. Let s = i + -32. Calculate the remainder when s/(-1) + -7 + 3 + 18 is divided by 6.
5
Let k = 213 + -204. Suppose 0*g - k*g + 225 = 0. What is the remainder when 99 is divided by g?
24
Suppose 4*c = -121*k + 118*k + 333, 0 = -5*c + k + 421. Let s = -22 - -67. What is the remainder when c is divided by s?
39
Let p be (-2 + 4 - 1)*(-28)/1. Let i = p + 32. Calculate the remainder when -1 + 1 + -43*(5 - 6) is divided by i.
3
Suppose 0 = -47*b + 2310 + 1121. Suppose -3*a - 204 = -4*s, -4*a + 2*a = -3*s + 154. What is the remainder when b is divided by s?
19
Suppose -p + 5*p - 8 = 0. Suppose -2*q + m + 79 = 0, -p*q - 30 = 3*m - 105. Calculate the remainder when q is divided by ((4 + -5)/(-6))/((-2)/(-84)).
4
Let j(c) = -c**3 - 2 - 7*c**2 + 1 + 5 + 18*c. Let v be j(-9). Suppose -v*g = -2*z + 166, -6*z + z + 401 = -3*g. What is the remainder when z is divided by 20?
19
Suppose 62 - 766 = 11*x. What is the remainder when ((-5)/2)/(x/1152) is divided by 30?
15
Let r(t) = -9*t - 5. Let w(k) = 18*k + 12. Let x(g) = -13*r(g) - 6*w(g). Calculate the remainder when 73 is divided by x(5).
35
Suppose 982*j + 663 = 999*j. Let s = -301 + 452. Calculate the remainder when s is divided by j.
34
Suppose -r + 99 = -5*y - 40, 0 = -5*r - y + 617. What is the remainder when r is divided by 51?
22
Let g = -55 + 94. Let z = g - 33. What is the remainder when 53 is divided by z?
5
Suppose -5*s = 2*c - 281, -4005*s + 151 = c - 4006*s. Calculate the remainder when 594 is divided by c.
2
Suppose 0 = -3*j - 4*c - 3 - 11, -4*j + 4*c = -28. Suppose -4*l + 4*r = -r - 373, -2*l + 200 = j*r. What is the remainder when l is divided by 17?
12
Suppose 31*d - 20797 = -3375. Calculate the remainder when d is divided by 156.
94
Let y(k) = -97 - 4*k**2 + 3*k**2 + 126 + 0*k**2 + 5*k. Calculate the remainder when 9 is divided by y(-3).
4
Let z = -1210 + 1257. Calculate the remainder when 528 is divided by z.
11
Let k(x) = 2*x**3 - 7*x**2 - 2*x - 1. Suppose 0*m = 4*m - 136. Suppose 3*s + 5*r = -s + 98, m = 2*s - 5*r. Calculate the remainder when k(5) is divided by s.
20
Let j(r) = -2*r**2 - 10*r**3 - 5*r**2 + 11*r**3 - 7*r**2 + 12*r + 15. Let t be j(13). Let i(z) = 4*z - 2. What is the remainder when 19 is divided by i(t)?
1
What is the remainder when 543 is divided by (-49 - -327) + -2 + -17?
25
Suppose 0 = -18*l + 13*l + 2475. Suppose 2*i = -3*i + l. What is the remainder when i is divided by 27?
18
Let f(j) = -2*j + 2. Let d be f(-2). Suppose 0 = -5*x - d + 31. Calculate the remainder when 23 is divided by x.
3
Let x be -13*(-5)/(5/(-2)). Let r = -14 - x. What is the remainder when 1491/33 + (10/(-22))/(205/82) is divided by r?
9
Calculate the remainder when 30/(-450) + (-1)/(-15) + 282 is divided by 19.
16
Suppose 2*v + u = 66, -3*v - 28 = u - 125. What is the remainder when -3*(0 - (-240)/(-9)) is divided by v?
18
Let b(q) = -q**2 + 20*q - 38. Calculate the remainder when 1647 is divided by b(14).
37
Suppose 30 = 4*d + d. Calculate the remainder when (4 - (7 - 4))/(55/3245) is divided by d.
5
Let t(k) = 2*k**3 - 20*k**2 + 3*k - 24. Let g be t(10). Calculate the remainder when (1*-5)/(2/(-18)) is divided by g + (11 - -3) + -4.
13
Let k = 245 - -419. Let z = 69 + 16. Calculate the remainder when z is divided by 8/6 + k/24.
27
Suppose 48*g - 52*g = -252. Let s(p) = 68*p - 381. Calculate the remainder when g is divided by s(6).
9
Let l = 14 - 14. Suppose l = f - 0 - 2. Let n(v) = 5*v**3 + v**2 - 6*v + 7. Calculate the remainder when n(f) is divided by 14.
11
Let p(a) = -54*a. Suppose -455*o = j - 458*o - 14, -136 = -4*j - 4*o. Calculate the remainder when p(-1) is divided by j.
25
Let l(j) = 40*j**2 + 4*j - 124. Let y be l(11). Suppose -y = 24*w - 38*w. What is the remainder when w is divided by 43?
39
Let t(b) = 24*b**2 - 12*b + 2. Let r be t(-2). Let s = r - 114. What is the remainder when 41 is divided by s?
1
Let w be ((-3536)/(-680))/((-7)/(-5) + -1). Let a = w + -4. What is the remainder when a is divided by 7?
2
Suppose 32*l - 43680 = 8*l - 41*l. What is the remainder when l is divided by 236?
200
Suppose 23 = 5*s - 37. Let v = 1278 - 1067. Calculate the remainder when v is divided by s.
7
Let h = -173 + 179. Calculate the remainder when 2 + (h - 3) + 336/4 is divided by (-435)/(-35) + (-4)/(-7).
11
Suppose -191*z + 139*z + 5928 = 0. Calculate the remainder when 256 is divided by z.
28
Let h = 160 - 54. What is the remainder when h is divided by 4?
2
Suppose 279*b - 274*b - 5*v - 5775 = 0, 5*b - 3*v = 5781. What is the remainder when b is divided by 44?
14
Let b = -4384 - -4427. Let l(u) be the third derivative of -u**4/12 - 2*u**3/3 + 3*u**2. Calculate the remainder when b is divided by l(-11).
7
Let h = -1960 + 3936. Calculate the remainder when h is divided by 493.
4
Let t(n) = -401*n + 8. Calculate the remainder when 257 is divided by t(0).
1
Let b = 149 - 38. Calculate the remainder when b is divided by -2*5 +